{"id":116,"date":"2025-03-12T01:03:48","date_gmt":"2025-03-12T00:03:48","guid":{"rendered":"https:\/\/fitobi.app\/?page_id=116"},"modified":"2025-04-01T00:37:44","modified_gmt":"2025-03-31T22:37:44","slug":"app","status":"publish","type":"page","link":"https:\/\/fitobi.app\/index.php\/app\/","title":{"rendered":"Aplikacja"},"content":{"rendered":"\n<p><\/p>\n\n\n\n<h4 class=\"wp-block-heading has-meta-color-color has-text-color has-link-color wp-elements-ac740a8b1e2d24a41d24ba89b8a8a844\">Instalacja<\/h4>\n\n\n\n<p>Aplikacj\u0119 mo\u017cna pobra\u0107 ze sklep\u00f3w Apple AppStore oraz Google Play (wymagane polskie konto)<\/p>\n\n\n\n<div class=\"wp-block-buttons is-layout-flex wp-block-buttons-is-layout-flex\"><\/div>\n\n\n\n<figure class=\"wp-block-image size-full is-resized\"><a href=\"https:\/\/apps.apple.com\/us\/app\/fitobi\/id6741873482\"><img loading=\"lazy\" decoding=\"async\" width=\"239\" height=\"80\" src=\"http:\/\/fitobi.app\/wp-content\/uploads\/2025\/03\/pobierz_w_appstore.png\" alt=\"\" class=\"wp-image-148\" style=\"width:270px;height:auto\"\/><\/a><\/figure>\n\n\n\n<figure class=\"wp-block-image\"><a href=\"https:\/\/play.google.com\/store\/apps\/details?id=pl.edu.wum.app.fitobi\"><img loading=\"lazy\" decoding=\"async\" width=\"270\" height=\"80\" src=\"https:\/\/fitobi.app\/wp-content\/uploads\/2025\/03\/GetItOnGooglePlay_Badge_Web_color_Polish.png\" alt=\"\" class=\"wp-image-146\"\/><\/a><\/figure>\n\n\n\n<h4 class=\"wp-block-heading has-meta-color-color has-text-color has-link-color wp-elements-bdf8dfef0bfad70ffbd46b8d9b3ce131\">Pierwsze kroki<\/h4>\n\n\n\n<p>Po instalacji i pierwszym uruchomieniu aplikacji, nale\u017cy przej\u015b\u0107 na ekran rejestracji poprzez naci\u015bni\u0119cie przycisku Zarejestruj si\u0119<\/p>\n\n\n\n<figure class=\"wp-block-image size-large\"><img loading=\"lazy\" decoding=\"async\" width=\"472\" height=\"1024\" src=\"https:\/\/fitobi.app\/wp-content\/uploads\/2025\/03\/IMG_2491-472x1024.png\" alt=\"\" class=\"wp-image-117\" srcset=\"https:\/\/fitobi.app\/wp-content\/uploads\/2025\/03\/IMG_2491-472x1024.png 472w, https:\/\/fitobi.app\/wp-content\/uploads\/2025\/03\/IMG_2491-138x300.png 138w, https:\/\/fitobi.app\/wp-content\/uploads\/2025\/03\/IMG_2491-768x1665.png 768w, https:\/\/fitobi.app\/wp-content\/uploads\/2025\/03\/IMG_2491-709x1536.png 709w, https:\/\/fitobi.app\/wp-content\/uploads\/2025\/03\/IMG_2491-945x2048.png 945w, https:\/\/fitobi.app\/wp-content\/uploads\/2025\/03\/IMG_2491.png 1290w\" sizes=\"auto, (max-width: 472px) 100vw, 472px\" \/><\/figure>\n\n\n\n<p>W formularzu nale\u017cy uzupe\u0142ni\u0107 podstawowe dane, analogiczne do danych podanych we wcze\u015bniejszych etapach badania oraz utworzy\u0107 co najmniej 8-znakowe has\u0142o aby m\u00f3c przej\u015b\u0107 do kolejnego kroku.<\/p>\n\n\n\n<figure class=\"wp-block-image size-large\"><img loading=\"lazy\" decoding=\"async\" width=\"472\" height=\"1024\" src=\"https:\/\/fitobi.app\/wp-content\/uploads\/2025\/03\/IMG_33D83291FCAB-1-472x1024.jpeg\" alt=\"\" class=\"wp-image-118\" srcset=\"https:\/\/fitobi.app\/wp-content\/uploads\/2025\/03\/IMG_33D83291FCAB-1-472x1024.jpeg 472w, https:\/\/fitobi.app\/wp-content\/uploads\/2025\/03\/IMG_33D83291FCAB-1-138x300.jpeg 138w, https:\/\/fitobi.app\/wp-content\/uploads\/2025\/03\/IMG_33D83291FCAB-1-768x1665.jpeg 768w, https:\/\/fitobi.app\/wp-content\/uploads\/2025\/03\/IMG_33D83291FCAB-1-709x1536.jpeg 709w, https:\/\/fitobi.app\/wp-content\/uploads\/2025\/03\/IMG_33D83291FCAB-1-945x2048.jpeg 945w, https:\/\/fitobi.app\/wp-content\/uploads\/2025\/03\/IMG_33D83291FCAB-1-scaled.jpeg 1181w\" sizes=\"auto, (max-width: 472px) 100vw, 472px\" \/><\/figure>\n\n\n\n<p>Nast\u0119pnie nale\u017cy poda\u0107 podstawowe parametry, aktualizowane nast\u0119pnie w toku przeprowadzanego badania.<\/p>\n\n\n\n<figure class=\"wp-block-gallery has-nested-images columns-default is-cropped wp-block-gallery-1 is-layout-flex wp-block-gallery-is-layout-flex\">\n<figure class=\"wp-block-image size-large\"><img loading=\"lazy\" decoding=\"async\" width=\"472\" height=\"1024\" data-id=\"119\" src=\"https:\/\/fitobi.app\/wp-content\/uploads\/2025\/03\/IMG_2631-472x1024.png\" alt=\"\" class=\"wp-image-119\" srcset=\"https:\/\/fitobi.app\/wp-content\/uploads\/2025\/03\/IMG_2631-472x1024.png 472w, https:\/\/fitobi.app\/wp-content\/uploads\/2025\/03\/IMG_2631-138x300.png 138w, https:\/\/fitobi.app\/wp-content\/uploads\/2025\/03\/IMG_2631-768x1665.png 768w, https:\/\/fitobi.app\/wp-content\/uploads\/2025\/03\/IMG_2631-709x1536.png 709w, https:\/\/fitobi.app\/wp-content\/uploads\/2025\/03\/IMG_2631-945x2048.png 945w, https:\/\/fitobi.app\/wp-content\/uploads\/2025\/03\/IMG_2631.png 1290w\" sizes=\"auto, (max-width: 472px) 100vw, 472px\" \/><\/figure>\n\n\n\n<figure class=\"wp-block-image size-large\"><img loading=\"lazy\" decoding=\"async\" width=\"472\" height=\"1024\" data-id=\"120\" src=\"https:\/\/fitobi.app\/wp-content\/uploads\/2025\/03\/IMG_2632-472x1024.jpg\" alt=\"\" class=\"wp-image-120\" srcset=\"https:\/\/fitobi.app\/wp-content\/uploads\/2025\/03\/IMG_2632-472x1024.jpg 472w, https:\/\/fitobi.app\/wp-content\/uploads\/2025\/03\/IMG_2632-138x300.jpg 138w, https:\/\/fitobi.app\/wp-content\/uploads\/2025\/03\/IMG_2632-768x1665.jpg 768w, https:\/\/fitobi.app\/wp-content\/uploads\/2025\/03\/IMG_2632-709x1536.jpg 709w, https:\/\/fitobi.app\/wp-content\/uploads\/2025\/03\/IMG_2632-945x2048.jpg 945w, https:\/\/fitobi.app\/wp-content\/uploads\/2025\/03\/IMG_2632-scaled.jpg 1181w\" sizes=\"auto, (max-width: 472px) 100vw, 472px\" \/><\/figure>\n<\/figure>\n\n\n\n<p>Na kolejnym kroku nale\u017cy wyrazi\u0107 zgod\u0119 na dost\u0119p do danych z aplikacji Zdrowie lub Google Health \u2013&nbsp;pos\u0142u\u017c\u0105 one do mierzenia Pa\u0144stwa post\u0119p\u00f3w oraz p\u00f3\u017aniejszej analizy pod k\u0105tem prowadzonego badania. W przypadku braku zainstalowanej aplikacji Google Health Connect, proces instalacji zostanie zapocz\u0105tkowany. Jej instalacja konieczna jest do prawid\u0142owego zbierania danych na platformie Android.<\/p>\n\n\n\n<h5 class=\"wp-block-heading has-meta-color-color has-text-color has-link-color wp-elements-f4ccc9c5bd06d605927ae01c67faece1\">iOS<\/h5>\n\n\n\n<figure class=\"wp-block-gallery has-nested-images columns-default is-cropped wp-block-gallery-2 is-layout-flex wp-block-gallery-is-layout-flex\">\n<figure class=\"wp-block-image size-large\"><img loading=\"lazy\" decoding=\"async\" width=\"472\" height=\"1024\" data-id=\"121\" src=\"https:\/\/fitobi.app\/wp-content\/uploads\/2025\/03\/IMG_2633-472x1024.png\" alt=\"\" class=\"wp-image-121\" srcset=\"https:\/\/fitobi.app\/wp-content\/uploads\/2025\/03\/IMG_2633-472x1024.png 472w, https:\/\/fitobi.app\/wp-content\/uploads\/2025\/03\/IMG_2633-138x300.png 138w, https:\/\/fitobi.app\/wp-content\/uploads\/2025\/03\/IMG_2633-768x1665.png 768w, https:\/\/fitobi.app\/wp-content\/uploads\/2025\/03\/IMG_2633-709x1536.png 709w, https:\/\/fitobi.app\/wp-content\/uploads\/2025\/03\/IMG_2633-945x2048.png 945w, https:\/\/fitobi.app\/wp-content\/uploads\/2025\/03\/IMG_2633.png 1290w\" sizes=\"auto, (max-width: 472px) 100vw, 472px\" \/><\/figure>\n\n\n\n<figure class=\"wp-block-image size-large\"><img loading=\"lazy\" decoding=\"async\" width=\"472\" height=\"1024\" data-id=\"124\" src=\"https:\/\/fitobi.app\/wp-content\/uploads\/2025\/03\/IMG_2502-472x1024.jpeg\" alt=\"\" class=\"wp-image-124\" srcset=\"https:\/\/fitobi.app\/wp-content\/uploads\/2025\/03\/IMG_2502-472x1024.jpeg 472w, https:\/\/fitobi.app\/wp-content\/uploads\/2025\/03\/IMG_2502-138x300.jpeg 138w, https:\/\/fitobi.app\/wp-content\/uploads\/2025\/03\/IMG_2502-768x1665.jpeg 768w, https:\/\/fitobi.app\/wp-content\/uploads\/2025\/03\/IMG_2502-709x1536.jpeg 709w, https:\/\/fitobi.app\/wp-content\/uploads\/2025\/03\/IMG_2502-945x2048.jpeg 945w, https:\/\/fitobi.app\/wp-content\/uploads\/2025\/03\/IMG_2502-scaled.jpeg 1181w\" sizes=\"auto, (max-width: 472px) 100vw, 472px\" \/><\/figure>\n\n\n\n<figure class=\"wp-block-image size-large\"><img loading=\"lazy\" decoding=\"async\" width=\"472\" height=\"1024\" data-id=\"123\" src=\"https:\/\/fitobi.app\/wp-content\/uploads\/2025\/03\/IMG_2503-472x1024.png\" alt=\"\" class=\"wp-image-123\" srcset=\"https:\/\/fitobi.app\/wp-content\/uploads\/2025\/03\/IMG_2503-472x1024.png 472w, https:\/\/fitobi.app\/wp-content\/uploads\/2025\/03\/IMG_2503-138x300.png 138w, https:\/\/fitobi.app\/wp-content\/uploads\/2025\/03\/IMG_2503-768x1665.png 768w, https:\/\/fitobi.app\/wp-content\/uploads\/2025\/03\/IMG_2503-709x1536.png 709w, https:\/\/fitobi.app\/wp-content\/uploads\/2025\/03\/IMG_2503-945x2048.png 945w, https:\/\/fitobi.app\/wp-content\/uploads\/2025\/03\/IMG_2503.png 1290w\" sizes=\"auto, (max-width: 472px) 100vw, 472px\" \/><\/figure>\n<\/figure>\n\n\n\n<h5 class=\"wp-block-heading has-meta-color-color has-text-color has-link-color wp-elements-b483f396879213e125b73d877f01f237\">Android<\/h5>\n\n\n\n<figure class=\"wp-block-gallery has-nested-images columns-default is-cropped wp-block-gallery-3 is-layout-flex wp-block-gallery-is-layout-flex\">\n<figure class=\"wp-block-image size-large\"><img loading=\"lazy\" decoding=\"async\" width=\"584\" height=\"1024\" data-id=\"173\" src=\"http:\/\/fitobi.app\/wp-content\/uploads\/2025\/04\/Health-Connect-Apps-on-Google-Play-1-584x1024.jpeg\" alt=\"\" class=\"wp-image-173\" srcset=\"https:\/\/fitobi.app\/wp-content\/uploads\/2025\/04\/Health-Connect-Apps-on-Google-Play-1-584x1024.jpeg 584w, https:\/\/fitobi.app\/wp-content\/uploads\/2025\/04\/Health-Connect-Apps-on-Google-Play-1-171x300.jpeg 171w, https:\/\/fitobi.app\/wp-content\/uploads\/2025\/04\/Health-Connect-Apps-on-Google-Play-1-768x1345.jpeg 768w, https:\/\/fitobi.app\/wp-content\/uploads\/2025\/04\/Health-Connect-Apps-on-Google-Play-1-877x1536.jpeg 877w, https:\/\/fitobi.app\/wp-content\/uploads\/2025\/04\/Health-Connect-Apps-on-Google-Play-1-1169x2048.jpeg 1169w, https:\/\/fitobi.app\/wp-content\/uploads\/2025\/04\/Health-Connect-Apps-on-Google-Play-1.jpeg 1290w\" sizes=\"auto, (max-width: 584px) 100vw, 584px\" \/><\/figure>\n\n\n\n<figure class=\"wp-block-image size-large\"><img loading=\"lazy\" decoding=\"async\" width=\"461\" height=\"1024\" data-id=\"169\" src=\"https:\/\/fitobi.app\/wp-content\/uploads\/2025\/04\/Screenshot-2025-03-15-at-23.56.12-1-461x1024.png\" alt=\"\" class=\"wp-image-169\" srcset=\"https:\/\/fitobi.app\/wp-content\/uploads\/2025\/04\/Screenshot-2025-03-15-at-23.56.12-1-461x1024.png 461w, https:\/\/fitobi.app\/wp-content\/uploads\/2025\/04\/Screenshot-2025-03-15-at-23.56.12-1-135x300.png 135w, https:\/\/fitobi.app\/wp-content\/uploads\/2025\/04\/Screenshot-2025-03-15-at-23.56.12-1-691x1536.png 691w, https:\/\/fitobi.app\/wp-content\/uploads\/2025\/04\/Screenshot-2025-03-15-at-23.56.12-1.png 720w\" sizes=\"auto, (max-width: 461px) 100vw, 461px\" \/><\/figure>\n<\/figure>\n\n\n\n<p>Na tym etapie mo\u017cna wyrazi\u0107 r\u00f3wnie\u017c zgod\u0119 na wysy\u0142anie powiadomie\u0144 \u2013&nbsp;zalecamy wykona\u0107 ten krok, aby pozosta\u0107 na bie\u017c\u0105co z aplikacj\u0105 i upewni\u0107 si\u0119, \u017ce informacje o aktywno\u015bci ka\u017cdego dnia poprawiaj\u0105 nasze miejsce w rankingu!<\/p>\n\n\n\n<h4 class=\"wp-block-heading has-meta-color-color has-text-color has-link-color wp-elements-847d8e56b6e42ccdb9970af74aaa7e10\">Korzystanie z aplikacji<\/h4>\n\n\n\n<figure class=\"wp-block-gallery has-nested-images columns-default is-cropped wp-block-gallery-4 is-layout-flex wp-block-gallery-is-layout-flex\">\n<figure class=\"wp-block-image size-large\"><img loading=\"lazy\" decoding=\"async\" width=\"472\" height=\"1024\" data-id=\"127\" src=\"https:\/\/fitobi.app\/wp-content\/uploads\/2025\/03\/IMG_DDD8B441ED56-1-472x1024.jpeg\" alt=\"\" class=\"wp-image-127\" srcset=\"https:\/\/fitobi.app\/wp-content\/uploads\/2025\/03\/IMG_DDD8B441ED56-1-472x1024.jpeg 472w, https:\/\/fitobi.app\/wp-content\/uploads\/2025\/03\/IMG_DDD8B441ED56-1-138x300.jpeg 138w, https:\/\/fitobi.app\/wp-content\/uploads\/2025\/03\/IMG_DDD8B441ED56-1-768x1665.jpeg 768w, https:\/\/fitobi.app\/wp-content\/uploads\/2025\/03\/IMG_DDD8B441ED56-1-709x1536.jpeg 709w, https:\/\/fitobi.app\/wp-content\/uploads\/2025\/03\/IMG_DDD8B441ED56-1-945x2048.jpeg 945w, https:\/\/fitobi.app\/wp-content\/uploads\/2025\/03\/IMG_DDD8B441ED56-1-scaled.jpeg 1181w\" sizes=\"auto, (max-width: 472px) 100vw, 472px\" \/><\/figure>\n\n\n\n<figure class=\"wp-block-image size-large\"><img loading=\"lazy\" decoding=\"async\" width=\"472\" height=\"1024\" data-id=\"128\" src=\"https:\/\/fitobi.app\/wp-content\/uploads\/2025\/03\/IMG_2640-472x1024.png\" alt=\"\" class=\"wp-image-128\" srcset=\"https:\/\/fitobi.app\/wp-content\/uploads\/2025\/03\/IMG_2640-472x1024.png 472w, https:\/\/fitobi.app\/wp-content\/uploads\/2025\/03\/IMG_2640-138x300.png 138w, https:\/\/fitobi.app\/wp-content\/uploads\/2025\/03\/IMG_2640-768x1665.png 768w, https:\/\/fitobi.app\/wp-content\/uploads\/2025\/03\/IMG_2640-709x1536.png 709w, https:\/\/fitobi.app\/wp-content\/uploads\/2025\/03\/IMG_2640-945x2048.png 945w, https:\/\/fitobi.app\/wp-content\/uploads\/2025\/03\/IMG_2640.png 1290w\" sizes=\"auto, (max-width: 472px) 100vw, 472px\" \/><\/figure>\n<\/figure>\n\n\n\n<p>G\u0142\u00f3wny ekran aplikacji prezentuje naj\u015bwie\u017csze wyniki oraz miejsce w rankingu FitObi a po przewini\u0119ciu do dalszej cz\u0119\u015bci ekranu wy\u015bwietlane s\u0105 ciekawostki, mo\u017cliwe do udost\u0119pnienia w dowolny dost\u0119pny na Pa\u0144stwa urz\u0105dzeniu spos\u00f3b.<\/p>\n\n\n\n<figure class=\"wp-block-gallery has-nested-images columns-default is-cropped wp-block-gallery-5 is-layout-flex wp-block-gallery-is-layout-flex\">\n<figure class=\"wp-block-image size-large\"><img loading=\"lazy\" decoding=\"async\" width=\"472\" height=\"1024\" data-id=\"130\" src=\"https:\/\/fitobi.app\/wp-content\/uploads\/2025\/03\/IMG_DDD8B441ED56-2-1-472x1024.jpeg\" alt=\"\" class=\"wp-image-130\" srcset=\"https:\/\/fitobi.app\/wp-content\/uploads\/2025\/03\/IMG_DDD8B441ED56-2-1-472x1024.jpeg 472w, https:\/\/fitobi.app\/wp-content\/uploads\/2025\/03\/IMG_DDD8B441ED56-2-1-138x300.jpeg 138w, https:\/\/fitobi.app\/wp-content\/uploads\/2025\/03\/IMG_DDD8B441ED56-2-1-768x1665.jpeg 768w, https:\/\/fitobi.app\/wp-content\/uploads\/2025\/03\/IMG_DDD8B441ED56-2-1-709x1536.jpeg 709w, https:\/\/fitobi.app\/wp-content\/uploads\/2025\/03\/IMG_DDD8B441ED56-2-1-945x2048.jpeg 945w, https:\/\/fitobi.app\/wp-content\/uploads\/2025\/03\/IMG_DDD8B441ED56-2-1-scaled.jpeg 1181w\" sizes=\"auto, (max-width: 472px) 100vw, 472px\" \/><\/figure>\n\n\n\n<figure class=\"wp-block-image size-large\"><img loading=\"lazy\" decoding=\"async\" width=\"472\" height=\"1024\" data-id=\"129\" src=\"https:\/\/fitobi.app\/wp-content\/uploads\/2025\/03\/IMG_2641-472x1024.png\" alt=\"\" class=\"wp-image-129\" srcset=\"https:\/\/fitobi.app\/wp-content\/uploads\/2025\/03\/IMG_2641-472x1024.png 472w, https:\/\/fitobi.app\/wp-content\/uploads\/2025\/03\/IMG_2641-138x300.png 138w, https:\/\/fitobi.app\/wp-content\/uploads\/2025\/03\/IMG_2641-768x1665.png 768w, https:\/\/fitobi.app\/wp-content\/uploads\/2025\/03\/IMG_2641-709x1536.png 709w, https:\/\/fitobi.app\/wp-content\/uploads\/2025\/03\/IMG_2641-945x2048.png 945w, https:\/\/fitobi.app\/wp-content\/uploads\/2025\/03\/IMG_2641.png 1290w\" sizes=\"auto, (max-width: 472px) 100vw, 472px\" \/><\/figure>\n<\/figure>\n\n\n\n<p>Ekran danych prezentuje ca\u0142o\u015b\u0107 zebranych w danym tygodniu i miesi\u0105cu informacji wykorzystywanych w badaniu oraz po przej\u015bciu do podgl\u0105du wybranego z parametr\u00f3w pozwala obserwowa\u0107 na wykresie jak zmienia\u0142 si\u0119 w czasie.<\/p>\n\n\n\n<figure class=\"wp-block-gallery has-nested-images columns-default is-cropped wp-block-gallery-6 is-layout-flex wp-block-gallery-is-layout-flex\">\n<figure class=\"wp-block-image size-large\"><img loading=\"lazy\" decoding=\"async\" width=\"472\" height=\"1024\" data-id=\"133\" src=\"https:\/\/fitobi.app\/wp-content\/uploads\/2025\/03\/IMG_DDD8B441ED56-3-1-472x1024.jpeg\" alt=\"\" class=\"wp-image-133\" srcset=\"https:\/\/fitobi.app\/wp-content\/uploads\/2025\/03\/IMG_DDD8B441ED56-3-1-472x1024.jpeg 472w, https:\/\/fitobi.app\/wp-content\/uploads\/2025\/03\/IMG_DDD8B441ED56-3-1-138x300.jpeg 138w, https:\/\/fitobi.app\/wp-content\/uploads\/2025\/03\/IMG_DDD8B441ED56-3-1-768x1665.jpeg 768w, https:\/\/fitobi.app\/wp-content\/uploads\/2025\/03\/IMG_DDD8B441ED56-3-1-709x1536.jpeg 709w, https:\/\/fitobi.app\/wp-content\/uploads\/2025\/03\/IMG_DDD8B441ED56-3-1-945x2048.jpeg 945w, https:\/\/fitobi.app\/wp-content\/uploads\/2025\/03\/IMG_DDD8B441ED56-3-1-scaled.jpeg 1181w\" sizes=\"auto, (max-width: 472px) 100vw, 472px\" \/><\/figure>\n\n\n\n<figure class=\"wp-block-image size-large\"><img loading=\"lazy\" decoding=\"async\" width=\"472\" height=\"1024\" data-id=\"132\" src=\"https:\/\/fitobi.app\/wp-content\/uploads\/2025\/03\/IMG_DDD8B441ED56-4-472x1024.jpeg\" alt=\"\" class=\"wp-image-132\" srcset=\"https:\/\/fitobi.app\/wp-content\/uploads\/2025\/03\/IMG_DDD8B441ED56-4-472x1024.jpeg 472w, https:\/\/fitobi.app\/wp-content\/uploads\/2025\/03\/IMG_DDD8B441ED56-4-138x300.jpeg 138w, https:\/\/fitobi.app\/wp-content\/uploads\/2025\/03\/IMG_DDD8B441ED56-4-768x1665.jpeg 768w, https:\/\/fitobi.app\/wp-content\/uploads\/2025\/03\/IMG_DDD8B441ED56-4-709x1536.jpeg 709w, https:\/\/fitobi.app\/wp-content\/uploads\/2025\/03\/IMG_DDD8B441ED56-4-945x2048.jpeg 945w, https:\/\/fitobi.app\/wp-content\/uploads\/2025\/03\/IMG_DDD8B441ED56-4-scaled.jpeg 1181w\" sizes=\"auto, (max-width: 472px) 100vw, 472px\" \/><\/figure>\n\n\n\n<figure class=\"wp-block-image size-large\"><img loading=\"lazy\" decoding=\"async\" width=\"472\" height=\"1024\" data-id=\"131\" src=\"https:\/\/fitobi.app\/wp-content\/uploads\/2025\/03\/IMG_DDD8B441ED56-6-472x1024.jpeg\" alt=\"\" class=\"wp-image-131\" srcset=\"https:\/\/fitobi.app\/wp-content\/uploads\/2025\/03\/IMG_DDD8B441ED56-6-472x1024.jpeg 472w, https:\/\/fitobi.app\/wp-content\/uploads\/2025\/03\/IMG_DDD8B441ED56-6-138x300.jpeg 138w, https:\/\/fitobi.app\/wp-content\/uploads\/2025\/03\/IMG_DDD8B441ED56-6-768x1665.jpeg 768w, https:\/\/fitobi.app\/wp-content\/uploads\/2025\/03\/IMG_DDD8B441ED56-6-709x1536.jpeg 709w, https:\/\/fitobi.app\/wp-content\/uploads\/2025\/03\/IMG_DDD8B441ED56-6-945x2048.jpeg 945w, https:\/\/fitobi.app\/wp-content\/uploads\/2025\/03\/IMG_DDD8B441ED56-6-scaled.jpeg 1181w\" sizes=\"auto, (max-width: 472px) 100vw, 472px\" \/><\/figure>\n<\/figure>\n\n\n\n<p>Po naci\u015bni\u0119ciu przycisku + znajduj\u0105cego si\u0119 na \u015brodku pojawia si\u0119 komponent pozwalaj\u0105cy na manuale dodanie wynik\u00f3w w trakcie trwania badania.<br>W przypadku wybrania &#8222;Pomiar lub wynik&#8221; wy\u015bwietlony zostanie ekran dodawania podstawowych informacji, kt\u00f3re powinny by\u0107 regularnie dodawane w trakcie badania.<br>Wyb\u00f3r przycisku &#8222;Aktywno\u015b\u0107&#8221; kieruje do mo\u017cliwo\u015bci manualnego zarejestrowania wykonanego treningu si\u0142owego lub cardio.<\/p>\n","protected":false},"excerpt":{"rendered":"<p>Instalacja Aplikacj\u0119 mo\u017cna pobra\u0107 ze sklep\u00f3w Apple AppStore oraz Google Play (wymagane polskie konto) Pierwsze kroki Po instalacji i pierwszym uruchomieniu aplikacji, nale\u017cy przej\u015b\u0107 na ekran rejestracji poprzez naci\u015bni\u0119cie przycisku Zarejestruj si\u0119 W formularzu nale\u017cy uzupe\u0142ni\u0107 podstawowe dane, analogiczne do danych podanych we wcze\u015bniejszych etapach badania oraz utworzy\u0107 co najmniej 8-znakowe has\u0142o aby m\u00f3c przej\u015b\u0107&#8230;<\/p>\n","protected":false},"author":1,"featured_media":0,"parent":0,"menu_order":0,"comment_status":"closed","ping_status":"closed","template":"","meta":{"footnotes":""},"class_list":["post-116","page","type-page","status-publish","hentry"],"_links":{"self":[{"href":"https:\/\/fitobi.app\/index.php\/wp-json\/wp\/v2\/pages\/116","targetHints":{"allow":["GET"]}}],"collection":[{"href":"https:\/\/fitobi.app\/index.php\/wp-json\/wp\/v2\/pages"}],"about":[{"href":"https:\/\/fitobi.app\/index.php\/wp-json\/wp\/v2\/types\/page"}],"author":[{"embeddable":true,"href":"https:\/\/fitobi.app\/index.php\/wp-json\/wp\/v2\/users\/1"}],"replies":[{"embeddable":true,"href":"https:\/\/fitobi.app\/index.php\/wp-json\/wp\/v2\/comments?post=116"}],"version-history":[{"count":14,"href":"https:\/\/fitobi.app\/index.php\/wp-json\/wp\/v2\/pages\/116\/revisions"}],"predecessor-version":[{"id":176,"href":"https:\/\/fitobi.app\/index.php\/wp-json\/wp\/v2\/pages\/116\/revisions\/176"}],"wp:attachment":[{"href":"https:\/\/fitobi.app\/index.php\/wp-json\/wp\/v2\/media?parent=116"}],"curies":[{"name":"wp","href":"https:\/\/api.w.org\/{rel}","templated":true}]}}